 = -11*f. Calculate the greatest common divisor of 469 and f.
67
Let f(q) = 211*q**2 - 678*q + 3369. Let j be f(5). Calculate the greatest common divisor of j and 37.
37
Suppose 0 = -327*u + 306*u + 111741. Calculate the highest common factor of 17 and u.
17
Let d be (5/(-1))/((-6)/(-2664)*3). Let y = d + 748. Calculate the highest common divisor of y and 8.
8
Let x(s) be the third derivative of 13*s**5/20 + s**4/12 - s**3/6 + 57*s**2. Let r be x(1). What is the highest common divisor of r and 30?
10
Let u(z) = 6*z - 418. Let h be u(70). Calculate the greatest common divisor of h and 648.
2
Let t(w) = 92*w**2 - 187*w - 2017. Let n be t(-11). What is the greatest common divisor of 171 and n?
57
Suppose 0*n + y = -3*n + 11404, -3797 = -n + 4*y. What is the highest common factor of 84 and n?
21
Let t(v) = -4*v**2 + 109*v - 30. Let q be t(27). Let b be (-1)/3 - (448/(-21) - q). What is the highest common factor of 162 and b?
18
Suppose -3*o + 11 = 14. Let t(x) = x + 2. Let c be t(o). Let k be (-15 - 1)*((-40)/16 - -2). Calculate the highest common divisor of c and k.
1
Suppose 0 = 2*h - 4, 0 = -4*z - 6*h + 2*h + 16. Suppose 5*n + z*g = 3*n + 70, -3*n + g + 117 = 0. Calculate the highest common divisor of 266 and n.
38
Suppose -4*l + s + 192 = 0, l - 2*s = -3*l + 188. Let c = l - 78. Let z = 45 + c. What is the highest common factor of 176 and z?
16
Let y = -82 - -151. Let x(u) = -177*u + 1793. Let h be x(10). Calculate the highest common divisor of y and h.
23
Suppose 0 = -4*w + 2*o + 46872, o = 296*w - 297*w + 11709. What is the greatest common divisor of 165 and w?
165
Let p(i) = 3*i**2 - 5*i - 7. Let l be p(-2). Let a = -34 - -37. Suppose -a*j = j - 60. Calculate the greatest common factor of j and l.
15
Let q = -4930 + 5110. What is the highest common divisor of q and 1725?
15
Suppose -7*y = -174 + 167. Let l(j) = -4*j + 9. Let z be l(y). Let k be (-10)/4*(-16 + 0). Calculate the highest common divisor of k and z.
5
Let c(z) = -25*z**2 + 19*z - 37. Let y(s) = -16*s**2 + 13*s - 25. Let n(w) = 5*c(w) - 8*y(w). Let v be n(-5). Calculate the greatest common factor of v and 75.
15
Let o(a) = a**3 - 3*a**2 + 3*a - 1. Let i be o(2). Let k be (297/22)/(i/2). Suppose 0 = -3*b + 51 + k. Calculate the highest common factor of 2 and b.
2
Suppose -756 = 3*j + 11*j. Let z be ((-8)/30)/((-10)/(-25))*j. Calculate the greatest common divisor of 4 and z.
4
Let v = 63 + -37. Let d = 2038 - 1869. What is the greatest common factor of d and v?
13
Suppose v + 4*t - 260 = 0, -317 - 227 = -2*v - 2*t. Calculate the highest common factor of v and 2714.
46
Suppose 637 = 9*k - 1145. Let w be (-195)/(-165) + -1 + (-1932)/(-22). Calculate the highest common divisor of k and w.
22
Let g(z) = -279*z**3 + 38*z**2 + 72*z. Let u be g(-2). What is the greatest common divisor of u and 4320?
160
Suppose 9*y - 4612 - 1031 = 0. What is the greatest common factor of 38 and y?
19
Suppose 16 = 4*u, -20*g + 22*g = 2*u + 11028. Calculate the highest common divisor of 62 and g.
62
Let j be 96/9 + (3/(-9))/(-1). Let t(l) = -l**2 + 11*l + 15. Let r be t(j). Suppose -2*v + 8 = -d, 2*d = -0*d + 4. What is the highest common factor of v and r?
5
Let o = -1937 - -2039. Calculate the greatest common factor of 150 and o.
6
Let s(p) = -2*p**2 - p + 4. Let f be s(0). Let m(a) = 69 + 40*a - f*a - 70 - 8*a. Let t be m(1). What is the greatest common divisor of t and 18?
9
Let v = 236 + -284. Let b be (v/(-9))/(1421/(-357) - -4). What is the highest common factor of b and 340?
68
Let f = 1014 - 1005. Suppose -5*k = k - 456. Let c = k - -23. Calculate the highest common factor of f and c.
9
Suppose 1880 - 5213 = 23*c - 26*c. Calculate the highest common divisor of 99 and c.
11
Suppose -2*c + 6*d = 8*d - 36, 0 = -3*c + 9*d + 6. What is the highest common divisor of 2786 and c?
14
Let y = 32 - 10. Let a(x) = 2*x**3 - 11*x**2 + 24*x + 7. Let q be a(6). Calculate the highest common factor of q and y.
11
Let b(a) = 13*a + 6713. Let k be b(-31). What is the greatest common factor of 30 and k?
10
Let q(s) be the second derivative of -15*s - 5/6*s**3 - 19*s**2 + 0. Let p be q(-8). Calculate the highest common divisor of 16 and p.
2
Let a be -448 + 446 - 84*(0 + 15/(-9)). What is the greatest common factor of a and 1219?
23
Let g = 500 + -340. Suppose 5*n = c + 10, -3*c - n + 2 = -0*c. Suppose c = 3*u + 2*m - 96, -2*u = -5*m - 46 - 18. What is the highest common factor of u and g?
32
Let h(c) = -2*c**2 - c. Let n(d) = d**3 - 16*d**2 - 2*d + 3. Let f(i) = 5*h(i) - n(i). Let j be f(3). What is the greatest common factor of 65 and j?
5
Suppose -3*c = -26 - 19. Suppose -4*p + 16*p - 72 = 0. Suppose 0 = -p*a - 118 + 478. What is the highest common divisor of a and c?
15
Let l be (184/(-20))/((-1)/5). Let g = l - 41. Suppose -g*v + 2019 = 339. Calculate the highest common factor of 42 and v.
42
Let s = 21607 - 19869. What is the greatest common divisor of 143 and s?
11
Let t = -412 - -414. Let z be 80/12*((-28)/(-10) + t). What is the greatest common divisor of 208 and z?
16
Suppose -18*f + 13*f + 155 = 0. Let w = 598 - 208. Let d = 607 - w. What is the greatest common factor of f and d?
31
Let o be 75/50 + 10/4 + 177. Suppose -o + 733 = 12*f. Calculate the highest common factor of 161 and f.
23
Suppose -2*j + 29690 = 5*q, -q - 5*j + 1772 = -4143. Suppose -m + q = 11*m. What is the highest common divisor of m and 45?
45
Let o be 8 + 1 - 143*-109. What is the highest common factor of o and 28?
28
Let u(i) = -i**2 - 6*i + 1. Let q be u(-6). Let f be (-3)/(3*3/(-180)*1). Suppose -57*b + f*b = 27. What is the highest common factor of q and b?
1
Let v(g) = -40*g + 8. Let h be v(-6). Suppose 2*n = -2*b - 2*b + h, -3*b - n = -184. Let w = -24 + 36. What is the highest common factor of w and b?
12
Let c(d) be the second derivative of -17*d**3/6 + 73*d**2 + 72*d. Let g be c(8). Calculate the highest common factor of 250 and g.
10
Let t = 27066 - 27046. Let k(u) = -u - 1. Let l be k(-5). Calculate the highest common factor of l and t.
4
Let v(u) = -100*u - 1. Let c = -6 + 5. Let y be v(c). Suppose 3*m = 15 + 12. What is the greatest common divisor of y and m?
9
Suppose 0 = 3*f - 156 - 99. Suppose -5*p - 5*x + 4462 = -183, 0 = p - x - 941. Calculate the greatest common factor of f and p.
85
Suppose o = -o + 2, -4*a = o - 129. What is the highest common divisor of 1000 and a?
8
Let i(o) = -1317*o - 69. Let a be i(-1). Calculate the highest common divisor of a and 169.
13
Suppose 2*h = g + 216, -5*h + 74 = 4*g - 440. Let m = h - 79. Let a = m - 18. Calculate the highest common factor of 72 and a.
9
Suppose 0 = l + 3*i - 2*i + 25, 0 = 4*l + 2*i + 96. Let v(a) = a**2 + 24*a + 43. Let q be v(l). Calculate the highest common divisor of 25 and q.
5
Let p = -8755 - -8790. Let v(d) = -d + 1. Let o be v(-6). Let n = 14 - o. What is the highest common divisor of n and p?
7
Let n = -4571 + 4586. Suppose -487 = -3*u - 82. What is the highest common divisor of n and u?
15
Suppose 3*u + 4*l = 14289, -3*u + 5*l + 18283 = 3994. Suppose -623 = 12*y - u. What is the highest common divisor of 69 and y?
69
Let s(x) = -20*x + 161. Let l be s(8). Let j(m) = 83*m**2 - 4*m + 5. Let p be j(l). Calculate the highest common factor of 9 and p.
3
Let j = 1351 + -1329. Suppose 0 = -s + 8 - 0. Calculate the greatest common factor of s and j.
2
Let q = 37 - 17. Let l = -96 + 206. Calculate the greatest common factor of q and l.
10
Suppose 18 = -34*d + 40*d. Let i be ((-3501)/(-63) - 0) + d/7. What is the greatest common divisor of 32 and i?
8
Let w be (-14 - -2)*(35/15 + -1). Let t = 20 + w. Suppose -o + t*q = -60, -2*q = o - 3*q - 45. What is the highest common factor of o and 280?
40
Suppose -4*a = y - 471, 11*a - 6*a = 15. Suppose -m - 303 = -4*t + 314, 3*t = -3*m + y. What is the greatest common divisor of t and 66?
22
Let a be (-2 - 25)*(-5 + 1). Suppose -1642*y + 40 = -1631*y - 48. Calculate the highest common factor of a and y.
4
Let m(l) = -44*l - 552. Let w be m(-14). What is the greatest common factor of w and 96?
32
Suppose 19*g - 20*g = -3*o - 63, 3*o - 15 = 0. What is the highest common factor of g and 1378?
26
Suppose -3*a = -134 + 29. Suppose -38 - 193 = -270*r + 259*r. Calculate the greatest common divisor of r and a.
7
Let p(d) = 9*d**2 +